{"id":947,"date":"2022-11-24T19:58:08","date_gmt":"2022-11-24T19:58:08","guid":{"rendered":"https:\/\/capitaltrust.cl\/?page_id=947"},"modified":"2022-11-25T14:12:54","modified_gmt":"2022-11-25T14:12:54","slug":"terminos-y-condiciones","status":"publish","type":"page","link":"https:\/\/capitaltrust.cl\/eng\/terminos-y-condiciones\/","title":{"rendered":"Terms &amp; Conditions"},"content":{"rendered":"<div data-elementor-type=\"wp-page\" data-elementor-id=\"947\" class=\"elementor elementor-947\">\n\t\t\t\t\t\t<div class=\"elementor-inner\">\n\t\t\t\t<div class=\"elementor-section-wrap\">\n\t\t\t\t\t\t\t\t\t<section data-dce-background-image-url=\"https:\/\/capitaltrust.cl\/wp-content\/uploads\/2022\/11\/cabecera-terminos-condiciones.jpg\" class=\"elementor-section elementor-top-section elementor-element elementor-element-4f127bc home-video elementor-section-boxed elementor-section-height-default elementor-section-height-default\" data-id=\"4f127bc\" data-element_type=\"section\" data-settings=\"{&quot;background_background&quot;:&quot;classic&quot;}\">\n\t\t\t\t\t\t<div class=\"elementor-container elementor-column-gap-default\">\n\t\t\t\t\t\t\t<div class=\"elementor-row\">\n\t\t\t\t\t<div class=\"elementor-column elementor-col-100 elementor-top-column elementor-element elementor-element-9bff307\" data-id=\"9bff307\" data-element_type=\"column\">\n\t\t\t<div class=\"elementor-column-wrap elementor-element-populated\">\n\t\t\t\t\t\t\t<div class=\"elementor-widget-wrap\">\n\t\t\t\t\t\t<div class=\"elementor-element elementor-element-b9d324d elementor-widget elementor-widget-theme-post-title elementor-page-title elementor-widget-heading\" data-id=\"b9d324d\" data-element_type=\"widget\" data-widget_type=\"theme-post-title.default\">\n\t\t\t\t<div class=\"elementor-widget-container\">\n\t\t\t<h1 class=\"elementor-heading-title elementor-size-default\">Terms &amp; Conditions<\/h1>\t\t<\/div>\n\t\t\t\t<\/div>\n\t\t\t\t\t\t<\/div>\n\t\t\t\t\t<\/div>\n\t\t<\/div>\n\t\t\t\t\t\t\t\t<\/div>\n\t\t\t\t\t<\/div>\n\t\t<\/section>\n\t\t\t\t<section class=\"elementor-section elementor-top-section elementor-element elementor-element-77e3a9a elementor-section-boxed elementor-section-height-default elementor-section-height-default\" data-id=\"77e3a9a\" data-element_type=\"section\">\n\t\t\t\t\t\t<div class=\"elementor-container elementor-column-gap-default\">\n\t\t\t\t\t\t\t<div class=\"elementor-row\">\n\t\t\t\t\t<div class=\"elementor-column elementor-col-100 elementor-top-column elementor-element elementor-element-75cb14d\" data-id=\"75cb14d\" data-element_type=\"column\">\n\t\t\t<div class=\"elementor-column-wrap elementor-element-populated\">\n\t\t\t\t\t\t\t<div class=\"elementor-widget-wrap\">\n\t\t\t\t\t\t<div class=\"elementor-element elementor-element-09846e3 elementor-widget elementor-widget-text-editor\" data-id=\"09846e3\" data-element_type=\"widget\" data-widget_type=\"text-editor.default\">\n\t\t\t\t<div class=\"elementor-widget-container\">\n\t\t\t\t\t\t\t\t<div class=\"elementor-text-editor elementor-clearfix\">\n\t\t\t\t<p>Capital Trust is a Financial Advisory Company, a company supervised by its current board of directors.<br \/><br \/>Capital Trust also has a free subscription service of news related to corporate finance.<\/p><p>At Capital Trust, protecting your privacy is our priority. That is why we are committed to protecting the confidentiality, security and integrity of the personal data that we collect, use or communicate in accordance with current legislation.<\/p>\t\t\t\t\t<\/div>\n\t\t\t\t\t\t<\/div>\n\t\t\t\t<\/div>\n\t\t\t\t<div class=\"elementor-element elementor-element-faf91a6 elementor-widget-mobile__width-inherit elementor-widget elementor-widget-heading\" data-id=\"faf91a6\" data-element_type=\"widget\" data-widget_type=\"heading.default\">\n\t\t\t\t<div class=\"elementor-widget-container\">\n\t\t\t<h4 class=\"elementor-heading-title elementor-size-default\">Reasons for collecting your personal data<\/h4>\t\t<\/div>\n\t\t\t\t<\/div>\n\t\t\t\t<div class=\"elementor-element elementor-element-0500758 elementor-widget elementor-widget-text-editor\" data-id=\"0500758\" data-element_type=\"widget\" data-widget_type=\"text-editor.default\">\n\t\t\t\t<div class=\"elementor-widget-container\">\n\t\t\t\t\t\t\t\t<div class=\"elementor-text-editor elementor-clearfix\">\n\t\t\t\t<p>We collect your personal data for the purposes indicated below:<\/p><p>Offer products, services or information you have requested:<br \/><br \/>If you are a Capital Trust customer, we use your name and address (email address) in order to deliver our products, services or information you have requested and to ensure follow-up related to the transaction (i.e. send an invoice, notify you of the expiration of your subscription, etc.).<\/p><p>Send information:<br \/><br \/>Occasionally, we may send you more detailed information regarding our products and services.<\/p><p>Other purposes:<br \/><br \/>In addition, from time to time, we may use your personal data for the following purposes:<\/p><p>Uncover errors, fraud, theft and other illegal activities and protect Capital Trust and third parties, and verify compliance with Capital Trust policies and contractual obligations.<\/p><p>Understand your needs and preferences, primarily to communicate with you and conduct surveys, research and evaluations\nAny other purpose that we can indicate in a timely manner.<br \/>Cualquier otro fin que podemos indicarle de manera oportuna.<\/p>\t\t\t\t\t<\/div>\n\t\t\t\t\t\t<\/div>\n\t\t\t\t<\/div>\n\t\t\t\t\t\t<\/div>\n\t\t\t\t\t<\/div>\n\t\t<\/div>\n\t\t\t\t\t\t\t\t<\/div>\n\t\t\t\t\t<\/div>\n\t\t<\/section>\n\t\t\t\t\t\t\t\t\t<\/div>\n\t\t\t<\/div>\n\t\t\t\t\t<\/div>","protected":false},"excerpt":{"rendered":"<p>Capital Trust es una Empresa de Asesor\u00eda Financiera, sociedad por acciones supervisada por su actual directorio. Capital Trust cuenta tambi\u00e9n con un servicio gratuito de suscripci\u00f3n de noticias vinculadas a finanzas corporativas. Para Capital Trust, la protecci\u00f3n de su privacidad es nuestra prioridad. Es por ello que nos comprometemos a proteger la confidencialidad, la seguridad &hellip;<\/p>\n<p class=\"read-more\"> <a class=\"\" href=\"https:\/\/capitaltrust.cl\/eng\/terminos-y-condiciones\/\"> <span class=\"screen-reader-text\">Terms &amp; Conditions<\/span> Read More &raquo;<\/a><\/p>","protected":false},"author":1,"featured_media":0,"parent":0,"menu_order":0,"comment_status":"closed","ping_status":"closed","template":"","meta":{"site-sidebar-layout":"no-sidebar","site-content-layout":"page-builder","ast-global-header-display":"","ast-main-header-display":"","ast-hfb-above-header-display":"","ast-hfb-below-header-display":"","ast-hfb-mobile-header-display":"","site-post-title":"disabled","ast-breadcrumbs-content":"","ast-featured-img":"disabled","footer-sml-layout":"","theme-transparent-header-meta":"","adv-header-id-meta":"","stick-header-meta":"","header-above-stick-meta":"","header-main-stick-meta":"","header-below-stick-meta":"","footnotes":""},"class_list":["post-947","page","type-page","status-publish","hentry"],"acf":[],"yoast_head":"<!-- This site is optimized with the Yoast SEO plugin v20.3 - https:\/\/yoast.com\/wordpress\/plugins\/seo\/ -->\n<title>T\u00e9rminos y Condiciones - Capital Trust<\/title>\n<meta name=\"robots\" content=\"index, follow, max-snippet:-1, max-image-preview:large, max-video-preview:-1\" \/>\n<link rel=\"canonical\" href=\"https:\/\/capitaltrust.cl\/eng\/terminos-y-condiciones\/\" \/>\n<meta property=\"og:locale\" content=\"en_US\" \/>\n<meta property=\"og:type\" content=\"article\" \/>\n<meta property=\"og:title\" content=\"T\u00e9rminos y Condiciones - Capital Trust\" \/>\n<meta property=\"og:description\" content=\"Capital Trust es una Empresa de Asesor\u00eda Financiera, sociedad por acciones supervisada por su actual directorio. Capital Trust cuenta tambi\u00e9n con un servicio gratuito de suscripci\u00f3n de noticias vinculadas a finanzas corporativas. Para Capital Trust, la protecci\u00f3n de su privacidad es nuestra prioridad. Es por ello que nos comprometemos a proteger la confidencialidad, la seguridad &hellip; T\u00e9rminos y Condiciones Read More &raquo;\" \/>\n<meta property=\"og:url\" content=\"https:\/\/capitaltrust.cl\/eng\/terminos-y-condiciones\/\" \/>\n<meta property=\"og:site_name\" content=\"Capital Trust\" \/>\n<meta property=\"article:modified_time\" content=\"2022-11-25T14:12:54+00:00\" \/>\n<meta name=\"twitter:card\" content=\"summary_large_image\" \/>\n<meta name=\"twitter:label1\" content=\"Est. reading time\" \/>\n\t<meta name=\"twitter:data1\" content=\"1 minute\" \/>\n<script type=\"application\/ld+json\" class=\"yoast-schema-graph\">{\"@context\":\"https:\/\/schema.org\",\"@graph\":[{\"@type\":\"WebPage\",\"@id\":\"https:\/\/capitaltrust.cl\/terminos-y-condiciones\/\",\"url\":\"https:\/\/capitaltrust.cl\/terminos-y-condiciones\/\",\"name\":\"T\u00e9rminos y Condiciones - Capital Trust\",\"isPartOf\":{\"@id\":\"https:\/\/capitaltrust.cl\/#website\"},\"datePublished\":\"2022-11-24T19:58:08+00:00\",\"dateModified\":\"2022-11-25T14:12:54+00:00\",\"breadcrumb\":{\"@id\":\"https:\/\/capitaltrust.cl\/terminos-y-condiciones\/#breadcrumb\"},\"inLanguage\":\"en-US\",\"potentialAction\":[{\"@type\":\"ReadAction\",\"target\":[\"https:\/\/capitaltrust.cl\/terminos-y-condiciones\/\"]}]},{\"@type\":\"BreadcrumbList\",\"@id\":\"https:\/\/capitaltrust.cl\/terminos-y-condiciones\/#breadcrumb\",\"itemListElement\":[{\"@type\":\"ListItem\",\"position\":1,\"name\":\"Portada\",\"item\":\"https:\/\/capitaltrust.cl\/\"},{\"@type\":\"ListItem\",\"position\":2,\"name\":\"T\u00e9rminos y Condiciones\"}]},{\"@type\":\"WebSite\",\"@id\":\"https:\/\/capitaltrust.cl\/#website\",\"url\":\"https:\/\/capitaltrust.cl\/\",\"name\":\"Capital Trust\",\"description\":\"Asesor\u00eda independiente, libre de conflictos de inter\u00e9s, enfocada 100% en nuestros clientes.\",\"publisher\":{\"@id\":\"https:\/\/capitaltrust.cl\/#organization\"},\"potentialAction\":[{\"@type\":\"SearchAction\",\"target\":{\"@type\":\"EntryPoint\",\"urlTemplate\":\"https:\/\/capitaltrust.cl\/?s={search_term_string}\"},\"query-input\":\"required name=search_term_string\"}],\"inLanguage\":\"en-US\"},{\"@type\":\"Organization\",\"@id\":\"https:\/\/capitaltrust.cl\/#organization\",\"name\":\"Capital Trust\",\"url\":\"https:\/\/capitaltrust.cl\/\",\"logo\":{\"@type\":\"ImageObject\",\"inLanguage\":\"en-US\",\"@id\":\"https:\/\/capitaltrust.cl\/#\/schema\/logo\/image\/\",\"url\":\"https:\/\/capitaltrust.cl\/wp-content\/uploads\/2022\/11\/logo-capital-trust.svg\",\"contentUrl\":\"https:\/\/capitaltrust.cl\/wp-content\/uploads\/2022\/11\/logo-capital-trust.svg\",\"caption\":\"Capital Trust\"},\"image\":{\"@id\":\"https:\/\/capitaltrust.cl\/#\/schema\/logo\/image\/\"}}]}<\/script>\n<!-- \/ Yoast SEO plugin. -->","yoast_head_json":{"title":"T\u00e9rminos y Condiciones - Capital Trust","robots":{"index":"index","follow":"follow","max-snippet":"max-snippet:-1","max-image-preview":"max-image-preview:large","max-video-preview":"max-video-preview:-1"},"canonical":"https:\/\/capitaltrust.cl\/eng\/terminos-y-condiciones\/","og_locale":"en_US","og_type":"article","og_title":"T\u00e9rminos y Condiciones - Capital Trust","og_description":"Capital Trust es una Empresa de Asesor\u00eda Financiera, sociedad por acciones supervisada por su actual directorio. Capital Trust cuenta tambi\u00e9n con un servicio gratuito de suscripci\u00f3n de noticias vinculadas a finanzas corporativas. Para Capital Trust, la protecci\u00f3n de su privacidad es nuestra prioridad. Es por ello que nos comprometemos a proteger la confidencialidad, la seguridad &hellip; T\u00e9rminos y Condiciones Read More &raquo;","og_url":"https:\/\/capitaltrust.cl\/eng\/terminos-y-condiciones\/","og_site_name":"Capital Trust","article_modified_time":"2022-11-25T14:12:54+00:00","twitter_card":"summary_large_image","twitter_misc":{"Est. reading time":"1 minute"},"schema":{"@context":"https:\/\/schema.org","@graph":[{"@type":"WebPage","@id":"https:\/\/capitaltrust.cl\/terminos-y-condiciones\/","url":"https:\/\/capitaltrust.cl\/terminos-y-condiciones\/","name":"T\u00e9rminos y Condiciones - Capital Trust","isPartOf":{"@id":"https:\/\/capitaltrust.cl\/#website"},"datePublished":"2022-11-24T19:58:08+00:00","dateModified":"2022-11-25T14:12:54+00:00","breadcrumb":{"@id":"https:\/\/capitaltrust.cl\/terminos-y-condiciones\/#breadcrumb"},"inLanguage":"en-US","potentialAction":[{"@type":"ReadAction","target":["https:\/\/capitaltrust.cl\/terminos-y-condiciones\/"]}]},{"@type":"BreadcrumbList","@id":"https:\/\/capitaltrust.cl\/terminos-y-condiciones\/#breadcrumb","itemListElement":[{"@type":"ListItem","position":1,"name":"Portada","item":"https:\/\/capitaltrust.cl\/"},{"@type":"ListItem","position":2,"name":"T\u00e9rminos y Condiciones"}]},{"@type":"WebSite","@id":"https:\/\/capitaltrust.cl\/#website","url":"https:\/\/capitaltrust.cl\/","name":"Capital Trust","description":"Asesor\u00eda independiente, libre de conflictos de inter\u00e9s, enfocada 100% en nuestros clientes.","publisher":{"@id":"https:\/\/capitaltrust.cl\/#organization"},"potentialAction":[{"@type":"SearchAction","target":{"@type":"EntryPoint","urlTemplate":"https:\/\/capitaltrust.cl\/?s={search_term_string}"},"query-input":"required name=search_term_string"}],"inLanguage":"en-US"},{"@type":"Organization","@id":"https:\/\/capitaltrust.cl\/#organization","name":"Capital Trust","url":"https:\/\/capitaltrust.cl\/","logo":{"@type":"ImageObject","inLanguage":"en-US","@id":"https:\/\/capitaltrust.cl\/#\/schema\/logo\/image\/","url":"https:\/\/capitaltrust.cl\/wp-content\/uploads\/2022\/11\/logo-capital-trust.svg","contentUrl":"https:\/\/capitaltrust.cl\/wp-content\/uploads\/2022\/11\/logo-capital-trust.svg","caption":"Capital Trust"},"image":{"@id":"https:\/\/capitaltrust.cl\/#\/schema\/logo\/image\/"}}]}},"_links":{"self":[{"href":"https:\/\/capitaltrust.cl\/eng\/wp-json\/wp\/v2\/pages\/947","targetHints":{"allow":["GET"]}}],"collection":[{"href":"https:\/\/capitaltrust.cl\/eng\/wp-json\/wp\/v2\/pages"}],"about":[{"href":"https:\/\/capitaltrust.cl\/eng\/wp-json\/wp\/v2\/types\/page"}],"author":[{"embeddable":true,"href":"https:\/\/capitaltrust.cl\/eng\/wp-json\/wp\/v2\/users\/1"}],"replies":[{"embeddable":true,"href":"https:\/\/capitaltrust.cl\/eng\/wp-json\/wp\/v2\/comments?post=947"}],"version-history":[{"count":11,"href":"https:\/\/capitaltrust.cl\/eng\/wp-json\/wp\/v2\/pages\/947\/revisions"}],"predecessor-version":[{"id":1008,"href":"https:\/\/capitaltrust.cl\/eng\/wp-json\/wp\/v2\/pages\/947\/revisions\/1008"}],"wp:attachment":[{"href":"https:\/\/capitaltrust.cl\/eng\/wp-json\/wp\/v2\/media?parent=947"}],"curies":[{"name":"wp","href":"https:\/\/api.w.org\/{rel}","templated":true}]}}